{"id":31,"date":"2025-12-08T11:09:22","date_gmt":"2025-12-08T11:09:22","guid":{"rendered":"https:\/\/hu88-08.com\/?page_id=31"},"modified":"2025-12-12T07:16:52","modified_gmt":"2025-12-12T07:16:52","slug":"trang-chu","status":"publish","type":"page","link":"https:\/\/hu88-08.com\/","title":{"rendered":"Trang Ch\u1ee7"},"content":{"rendered":"\n\t<section class=\"section\" id=\"section_808868290\">\n\t\t<div class=\"section-bg fill\" >\n\t\t\t\t\t\t\t\t\t\n\t\t\t\n\n\t\t<\/div>\n\n\t\t\n\n\t\t<div class=\"section-content relative\">\n\t\t\t\n<div class=\"slider-wrapper relative\" id=\"slider-33578062\" >\n    <div class=\"slider slider-nav-circle slider-nav-large slider-nav-light slider-style-normal\"\n        data-flickity-options='{\n            \"cellAlign\": \"center\",\n            \"imagesLoaded\": true,\n            \"lazyLoad\": 1,\n            \"freeScroll\": false,\n            \"wrapAround\": true,\n            \"autoPlay\": 2000,\n            \"pauseAutoPlayOnHover\" : true,\n            \"prevNextButtons\": true,\n            \"contain\" : true,\n            \"adaptiveHeight\" : true,\n            \"dragThreshold\" : 10,\n            \"percentPosition\": true,\n            \"pageDots\": true,\n            \"rightToLeft\": false,\n            \"draggable\": true,\n            \"selectedAttraction\": 0.1,\n            \"parallax\" : 0,\n            \"friction\": 0.6        }'\n        >\n        \n\t<div class=\"img has-hover x md-x lg-x y md-y lg-y\" id=\"image_2062965581\">\n\t\t<a class=\"\" href=\"https:\/\/hu88-08.com\/qc\/1\" target=\"_blank\" rel=\"noopener\" >\t\t\t\t\t\t<div class=\"img-inner dark\" >\n\t\t\t<img loading=\"lazy\" decoding=\"async\" width=\"710\" height=\"320\" src=\"https:\/\/hu88-08.com\/wp-content\/uploads\/2025\/12\/hu88-tt.avif\" class=\"attachment-original size-original\" alt=\"HU88\" srcset=\"https:\/\/hu88-08.com\/wp-content\/uploads\/2025\/12\/hu88-tt.avif 710w, https:\/\/hu88-08.com\/wp-content\/uploads\/2025\/12\/hu88-tt-300x135.avif 300w\" sizes=\"auto, (max-width: 710px) 100vw, 710px\" \/>\t\t\t\t\t\t\n\t\t\t\t\t<\/div>\n\t\t\t\t\t\t<\/a>\t\t\n<style>\n#image_2062965581 {\n  width: 100%;\n}\n<\/style>\n\t<\/div>\n\t\n\t<div class=\"img has-hover x md-x lg-x y md-y lg-y\" id=\"image_1971823414\">\n\t\t<a class=\"\" href=\"https:\/\/hu88-08.com\/qc\/1\" target=\"_blank\" rel=\"noopener\" >\t\t\t\t\t\t<div class=\"img-inner dark\" >\n\t\t\t<img loading=\"lazy\" decoding=\"async\" width=\"710\" height=\"320\" src=\"https:\/\/hu88-08.com\/wp-content\/uploads\/2025\/12\/hu88-gtbb.avif\" class=\"attachment-original size-original\" alt=\"\" srcset=\"https:\/\/hu88-08.com\/wp-content\/uploads\/2025\/12\/hu88-gtbb.avif 710w, https:\/\/hu88-08.com\/wp-content\/uploads\/2025\/12\/hu88-gtbb-300x135.avif 300w\" sizes=\"auto, (max-width: 710px) 100vw, 710px\" \/>\t\t\t\t\t\t\n\t\t\t\t\t<\/div>\n\t\t\t\t\t\t<\/a>\t\t\n<style>\n#image_1971823414 {\n  width: 100%;\n}\n<\/style>\n\t<\/div>\n\t\n\t<div class=\"img has-hover x md-x lg-x y md-y lg-y\" id=\"image_1994937444\">\n\t\t<a class=\"\" href=\"https:\/\/hu88-08.com\/qc\/1\" target=\"_blank\" rel=\"noopener\" >\t\t\t\t\t\t<div class=\"img-inner dark\" >\n\t\t\t<img loading=\"lazy\" decoding=\"async\" width=\"710\" height=\"320\" src=\"https:\/\/hu88-08.com\/wp-content\/uploads\/2025\/12\/hu88-lixi.avif\" class=\"attachment-original size-original\" alt=\"HU88\" srcset=\"https:\/\/hu88-08.com\/wp-content\/uploads\/2025\/12\/hu88-lixi.avif 710w, https:\/\/hu88-08.com\/wp-content\/uploads\/2025\/12\/hu88-lixi-300x135.avif 300w\" sizes=\"auto, (max-width: 710px) 100vw, 710px\" \/>\t\t\t\t\t\t\n\t\t\t\t\t<\/div>\n\t\t\t\t\t\t<\/a>\t\t\n<style>\n#image_1994937444 {\n  width: 100%;\n}\n<\/style>\n\t<\/div>\n\t\n\t<div class=\"img has-hover x md-x lg-x y md-y lg-y\" id=\"image_491041432\">\n\t\t<a class=\"\" href=\"https:\/\/hu88-08.com\/qc\/1\" target=\"_blank\" rel=\"noopener\" >\t\t\t\t\t\t<div class=\"img-inner dark\" >\n\t\t\t<img loading=\"lazy\" decoding=\"async\" width=\"710\" height=\"320\" src=\"https:\/\/hu88-08.com\/wp-content\/uploads\/2025\/12\/hu88-napdau.avif\" class=\"attachment-original size-original\" alt=\"HU88\" srcset=\"https:\/\/hu88-08.com\/wp-content\/uploads\/2025\/12\/hu88-napdau.avif 710w, https:\/\/hu88-08.com\/wp-content\/uploads\/2025\/12\/hu88-napdau-300x135.avif 300w\" sizes=\"auto, (max-width: 710px) 100vw, 710px\" \/>\t\t\t\t\t\t\n\t\t\t\t\t<\/div>\n\t\t\t\t\t\t<\/a>\t\t\n<style>\n#image_491041432 {\n  width: 100%;\n}\n<\/style>\n\t<\/div>\n\t\n\t<div class=\"img has-hover x md-x lg-x y md-y lg-y\" id=\"image_435278311\">\n\t\t<a class=\"\" href=\"https:\/\/hu88-08.com\/qc\/1\" target=\"_blank\" rel=\"noopener\" >\t\t\t\t\t\t<div class=\"img-inner dark\" >\n\t\t\t<img loading=\"lazy\" decoding=\"async\" width=\"710\" height=\"320\" src=\"https:\/\/hu88-08.com\/wp-content\/uploads\/2025\/12\/hu88-vip.avif\" class=\"attachment-original size-original\" alt=\"\" srcset=\"https:\/\/hu88-08.com\/wp-content\/uploads\/2025\/12\/hu88-vip.avif 710w, https:\/\/hu88-08.com\/wp-content\/uploads\/2025\/12\/hu88-vip-300x135.avif 300w\" sizes=\"auto, (max-width: 710px) 100vw, 710px\" \/>\t\t\t\t\t\t\n\t\t\t\t\t<\/div>\n\t\t\t\t\t\t<\/a>\t\t\n<style>\n#image_435278311 {\n  width: 100%;\n}\n<\/style>\n\t<\/div>\n\t\n     <\/div>\n\n     <div class=\"loading-spin dark large centered\"><\/div>\n\n\t<\/div>\n\n\n\t\t<\/div>\n\n\t\t\n<style>\n#section_808868290 {\n  padding-top: 30px;\n  padding-bottom: 30px;\n}\n<\/style>\n\t<\/section>\n\t\n\t<div id=\"text-1419112504\" class=\"text\">\n\t\t\n<h1 style=\"text-align: center;\" data-start=\"206\" data-end=\"481\"><span style=\"color: #008000; font-family: verdana, geneva, sans-serif;\"><a style=\"color: #008000;\" href=\"https:\/\/9hu88.com\/?cid=2146017\" target=\"_blank\" rel=\"noopener\">HU88<\/a> &#8211; Kho game c\u1ef1c kh\u1ee7ng s\u0103n th\u01b0\u1edfng c\u1ef1c l\u1edbn \u01b0u \u0111\u00e3i h\u1ea5p d\u1eabn 2025<\/span><\/h1>\n<p data-start=\"206\" data-end=\"481\"><span style=\"font-family: verdana, geneva, sans-serif;\"><span style=\"color: #008000;\"><strong><a style=\"color: #008000;\" href=\"https:\/\/hu88-08.com\/\" target=\"_blank\" rel=\"noopener\">HU88<\/a>\u00a0<\/strong><\/span>l\u00e0 n\u1ec1n t\u1ea3ng gi\u1ea3i tr\u00ed tr\u1ef1c tuy\u1ebfn hi\u1ec7n \u0111\u1ea1i, ho\u1ea1t \u0111\u1ed9ng h\u1ee3p ph\u00e1p d\u01b0\u1edbi s\u1ef1 gi\u00e1m s\u00e1t qu\u1ed1c t\u1ebf v\u00e0 \u0111\u1ea1t nhi\u1ec1u ch\u1ee9ng nh\u1eadn ch\u1ea5t l\u01b0\u1ee3ng uy t\u00edn. V\u1edbi c\u1ed9ng \u0111\u1ed3ng h\u00e0ng tri\u1ec7u ng\u01b0\u1eddi ch\u01a1i tin t\u01b0\u1edfng, HU88 mang \u0111\u1ebfn m\u00f4i tr\u01b0\u1eddng c\u00e1 c\u01b0\u1ee3c minh b\u1ea1ch, an to\u00e0n v\u00e0 t\u1ed1c \u0111\u1ed9 x\u1eed l\u00fd giao d\u1ecbch v\u01b0\u1ee3t tr\u1ed9i.<\/span><\/p>\n<h3><span style=\"font-family: verdana, geneva, sans-serif;\"><b><img decoding=\"async\" class=\"emoji\" role=\"img\" draggable=\"false\" src=\"https:\/\/s.w.org\/images\/core\/emoji\/17.0.2\/svg\/1f381.svg\" alt=\"\ud83c\udf81\" \/> <span style=\"color: #008000;\">Khuy\u1ebfn M\u00e3i H\u1ea5p D\u1eabn Nh\u1ea5t<\/span><\/b><\/span><\/h3>\n<p><span style=\"font-family: verdana, geneva, sans-serif;\"><b>HU88<\/b>\u00a0l\u00e0 n\u01a1i ng\u01b0\u1eddi ch\u01a1i lu\u00f4n \u0111\u01b0\u1ee3c nh\u1eadn qu\u00e0, v\u1edbi c\u00e1c \u01b0u \u0111\u00e3i c\u00f3 gi\u00e1 tr\u1ecb v\u01b0\u1ee3t tr\u1ed9i:<\/span><\/p>\n<ul>\n<li aria-level=\"1\"><span style=\"font-family: verdana, geneva, sans-serif;\"><b>\u01afu \u0111\u00e3i t\u00e2n th\u1ee7:<\/b>\u00a0T\u1eb7ng qu\u00e0 kh\u1edfi \u0111\u1ea7u h\u1ea5p d\u1eabn g\u1ed3m ti\u1ec1n th\u01b0\u1edfng, l\u01b0\u1ee3t quay mi\u1ec5n ph\u00ed, code \u0111\u1ed9c quy\u1ec1n.<\/span><\/li>\n<li aria-level=\"1\"><span style=\"font-family: verdana, geneva, sans-serif;\"><b>Ho\u00e0n tr\u1ea3 kh\u00f4ng gi\u1edbi h\u1ea1n:<\/b>\u00a0Ho\u00e0n t\u1edbi 1% t\u1ed5ng c\u01b0\u1ee3c m\u1ecdi tr\u00f2 ch\u01a1i, kh\u00f4ng k\u00e8m \u0111i\u1ec1u ki\u1ec7n ph\u1ee9c t\u1ea1p.<\/span><\/li>\n<li aria-level=\"1\"><span style=\"font-family: verdana, geneva, sans-serif;\"><b>Khuy\u1ebfn m\u00e3i n\u1ea1p ti\u1ec1n:<\/b>\u00a0T\u1eb7ng th\u01b0\u1edfng l\u00ean \u0111\u1ebfn 100% gi\u00e1 tr\u1ecb n\u1ea1p theo ng\u00e0y, tu\u1ea7n, th\u00e1ng.<\/span><\/li>\n<li aria-level=\"1\"><span style=\"font-family: verdana, geneva, sans-serif;\"><b>\u0110\u1eb7c quy\u1ec1n VIP:<\/b>\u00a0Ho\u00e0n tr\u1ea3 cao, \u01b0u ti\u00ean r\u00fat ti\u1ec1n, qu\u1ea3n l\u00fd ri\u00eang, qu\u00e0 sinh nh\u1eadt, v\u00e9 du l\u1ecbch.<\/span><\/li>\n<li aria-level=\"1\"><span style=\"font-family: verdana, geneva, sans-serif;\"><b>Th\u01b0\u1edfng gi\u1edbi thi\u1ec7u:<\/b>\u00a0Nh\u1eadn ti\u1ec1n th\u01b0\u1edfng ho\u1eb7c l\u01b0\u1ee3t ch\u01a1i mi\u1ec5n ph\u00ed khi m\u1eddi b\u1ea1n b\u00e8 tham gia.<\/span><\/li>\n<li aria-level=\"1\"><span style=\"font-family: verdana, geneva, sans-serif;\"><b>Khuy\u1ebfn m\u00e3i m\u00f9a gi\u1ea3i th\u1ec3 thao:<\/b>\u00a0Combo c\u01b0\u1ee3c, th\u01b0\u1edfng d\u1ef1 \u0111o\u00e1n &amp; ho\u00e0n tr\u1ea3 \u0111\u1eb7c bi\u1ec7t.<\/span><\/li>\n<li aria-level=\"1\"><span style=\"font-family: verdana, geneva, sans-serif;\"><b>V\u00f2ng quay may m\u1eafn:<\/b>\u00a01 l\u01b0\u1ee3t quay mi\u1ec5n ph\u00ed m\u1ed7i ng\u00e0y, tr\u00fang th\u01b0\u1edfng ti\u1ec1n m\u1eb7t &amp; voucher.<\/span><\/li>\n<li aria-level=\"1\"><span style=\"font-family: verdana, geneva, sans-serif;\"><b>Ho\u00e0n thua slot cu\u1ed1i tu\u1ea7n:<\/b>\u00a0Gi\u1ea3m thi\u1ec3u r\u1ee7i ro, ho\u00e0n l\u1ea1i ti\u1ec1n thua \u0111\u1ec3 ti\u1ebfp t\u1ee5c tr\u1ea3i nghi\u1ec7m.<\/span><\/li>\n<\/ul>\n<p><span style=\"font-family: verdana, geneva, sans-serif;\">\ud83d\udccc\u00a0<strong>L\u01b0u \u00fd: <\/strong>Ch\u01b0\u01a1ng tr\u00ecnh khuy\u1ebfn m\u00e3i c\u00f3 th\u1ec3 thay \u0111\u1ed5i, vui l\u00f2ng ki\u1ec3m tra tr\u00ean website ch\u00ednh th\u1ee9c: <span style=\"color: #008000;\"><strong><a style=\"color: #008000;\" href=\"https:\/\/hu88-08.com\/\" target=\"_blank\" rel=\"noopener\">https:\/\/hu88-08.com\/<\/a><\/strong><\/span><\/span><\/p>\n<h3><span style=\"font-family: verdana, geneva, sans-serif;\"><b><img decoding=\"async\" class=\"emoji\" role=\"img\" draggable=\"false\" src=\"https:\/\/s.w.org\/images\/core\/emoji\/17.0.2\/svg\/1f3ae.svg\" alt=\"\ud83c\udfae\" \/> <span style=\"color: #008000;\">Kho Game Gi\u1ea3i Tr\u00ed T\u1ed5ng H\u1ee3p 5 Sao<\/span><\/b><\/span><\/h3>\n<p><span style=\"font-family: verdana, geneva, sans-serif;\">Ch\u1ec9 v\u1edbi m\u1ed9t t\u00e0i kho\u1ea3n duy nh\u1ea5t, b\u1ea1n c\u00f3 th\u1ec3 kh\u00e1m ph\u00e1 h\u00e0ng ngh\u00ecn t\u1ef1a game t\u1eeb c\u00e1c nh\u00e0 cung c\u1ea5p h\u00e0ng \u0111\u1ea7u:<\/span><\/p>\n<ul>\n<li><span style=\"font-family: verdana, geneva, sans-serif;\"><b>C\u00e1 c\u01b0\u1ee3c Th\u1ec3 thao:<\/b>\u00a0Bao ph\u1ee7 h\u01a1n\u00a0<b>1.000 s\u1ef1 ki\u1ec7n m\u1ed7i ng\u00e0y<\/b>, t\u1ef7 l\u1ec7 k\u00e8o c\u1ea1nh tranh, c\u01b0\u1ee3c live tr\u1ef1c quan.<\/span><\/li>\n<li><span style=\"font-family: verdana, geneva, sans-serif;\"><b>Live Casino:<\/b> H\u1ee3p t\u00e1c v\u1edbi Casino Sexy, Evolution, SA Gaming, mang l\u1ea1i tr\u1ea3i nghi\u1ec7m s\u00f2ng b\u00e0i ch\u00e2n th\u1ef1c (Baccarat, Roulette, Blackjack).<\/span><\/li>\n<li><span style=\"font-family: verdana, geneva, sans-serif;\"><b>N\u1ed5 H\u0169 &amp; Game B\u00e0i 3D:<\/b>\u00a0Kho Jackpot c\u1ed9ng d\u1ed3n kh\u1ed5ng l\u1ed3, c\u00f9ng c\u00e1c game b\u00e0i \u0111\u1ed1i kh\u00e1ng nh\u01b0 Ti\u1ebfn l\u00ean, Poker, Ph\u1ecfm.<\/span><\/li>\n<li><span style=\"font-family: verdana, geneva, sans-serif;\"><b>B\u1eafn C\u00e1 &amp; \u0110\u00e1 G\u00e0:<\/b>\u00a0B\u1eafn c\u00e1 3D \u0111\u1ed9c quy\u1ec1n v\u1edbi t\u1ef7 l\u1ec7 r\u01a1i v\u00e0ng cao; \u0110\u00e1 g\u00e0 tr\u1ef1c ti\u1ebfp t\u1eeb c\u00e1c tr\u01b0\u1eddng \u0111\u1ea5u l\u1edbn, k\u1ecbch t\u00ednh.<\/span><\/li>\n<li><span style=\"font-family: verdana, geneva, sans-serif;\"><b>X\u1ed5 S\u1ed1 Si\u00eau T\u1ed1c:<\/b>\u00a0C\u1eadp nh\u1eadt k\u1ebft qu\u1ea3 li\u00ean t\u1ee5c t\u1eebng ph\u00fat (X\u1ed5 s\u1ed1 Vi\u1ec7t, Keno, X\u1ed5 s\u1ed1 Th\u00e1i).<\/span><\/li>\n<\/ul>\n<p><span style=\"font-family: verdana, geneva, sans-serif;\"><strong>HU88<\/strong> kh\u00f4ng ch\u1ec9 l\u00e0 m\u1ed9t nh\u00e0 c\u00e1i, m\u00e0 l\u00e0 <b>c\u1ed5ng game gi\u1ea3i tr\u00ed tr\u1ef1c tuy\u1ebfn \u0111\u1ec9nh cao<\/b>. H\u00e3y \u0111\u0103ng k\u00fd ngay h\u00f4m nay \u0111\u1ec3 nh\u1eadn th\u01b0\u1edfng n\u1ea1p \u0111\u1ea7u <b>8.888K<\/b>\u00a0v\u00e0 b\u1eaft \u0111\u1ea7u h\u00e0nh tr\u00ecnh chinh ph\u1ee5c chi\u1ebfn th\u1eafng 5 sao!<\/span><\/p>\n\t\t\n<style>\n#text-1419112504 {\n  color: rgb(255,255,255);\n}\n#text-1419112504 > * {\n  color: rgb(255,255,255);\n}\n<\/style>\n\t<\/div>\n\t\n","protected":false},"excerpt":{"rendered":"","protected":false},"author":1,"featured_media":27,"parent":0,"menu_order":0,"comment_status":"closed","ping_status":"closed","template":"","meta":{"footnotes":""},"class_list":["post-31","page","type-page","status-publish","has-post-thumbnail","hentry"],"_links":{"self":[{"href":"https:\/\/hu88-08.com\/index.php?rest_route=\/wp\/v2\/pages\/31","targetHints":{"allow":["GET"]}}],"collection":[{"href":"https:\/\/hu88-08.com\/index.php?rest_route=\/wp\/v2\/pages"}],"about":[{"href":"https:\/\/hu88-08.com\/index.php?rest_route=\/wp\/v2\/types\/page"}],"author":[{"embeddable":true,"href":"https:\/\/hu88-08.com\/index.php?rest_route=\/wp\/v2\/users\/1"}],"replies":[{"embeddable":true,"href":"https:\/\/hu88-08.com\/index.php?rest_route=%2Fwp%2Fv2%2Fcomments&post=31"}],"version-history":[{"count":13,"href":"https:\/\/hu88-08.com\/index.php?rest_route=\/wp\/v2\/pages\/31\/revisions"}],"predecessor-version":[{"id":70,"href":"https:\/\/hu88-08.com\/index.php?rest_route=\/wp\/v2\/pages\/31\/revisions\/70"}],"wp:featuredmedia":[{"embeddable":true,"href":"https:\/\/hu88-08.com\/index.php?rest_route=\/wp\/v2\/media\/27"}],"wp:attachment":[{"href":"https:\/\/hu88-08.com\/index.php?rest_route=%2Fwp%2Fv2%2Fmedia&parent=31"}],"curies":[{"name":"wp","href":"https:\/\/api.w.org\/{rel}","templated":true}]}}